 - 121. Determine p(7).
68
Let r(s) = 1032*s + 233236. Calculate r(-226).
4
Let o(i) = -7389*i - 325108. Give o(-44).
8
Let l(i) = 4169*i + 708722. Determine l(-170).
-8
Let n(u) = -15*u**3 + 21*u**2 - 21*u + 113. Calculate n(6).
-2497
Let z(m) = -2*m**3 - 742*m**2 + 37426*m - 5795. Calculate z(-416).
29
Let a(q) = -1334*q + 231. Determine a(0).
231
Let f(w) = 3*w**3 + w**2 - 59466*w + 118921. Determine f(2).
17
Let t(m) = -142016*m + 710096. Give t(5).
16
Let b(o) = -3921*o - 23818. Give b(-6).
-292
Let i(v) = -4834*v + 290007. Calculate i(60).
-33
Let i(r) = 1079*r**2 - 43271*r + 4445. Calculate i(40).
5
Let c(a) = 145*a - 18102. Calculate c(125).
23
Let w(m) = 131710*m - 1. What is w(0)?
-1
Let p(c) = 38*c**3 - 1179*c**2 + 55*c - 764. Calculate p(31).
-20
Let v(g) = 14898*g + 5482464. Calculate v(-368).
0
Let i(f) = -f**3 - 117*f**2 + 729*f - 1110. Determine i(-123).
-3
Let b(c) = 400*c**2 - 2029*c + 57. Give b(5).
-88
Let b(m) = 5*m**2 - 248*m - 666. What is b(47)?
-1277
Let a(z) = -311833*z - 9978660. Determine a(-32).
-4
Let h(z) = 73*z - 1317. Calculate h(15).
-222
Let w(a) = a**2 - 431*a + 837. What is w(429)?
-21
Let n(i) = -35*i**2 + 6283*i - 3215. What is n(179)?
7
Let y(l) = 9*l**2 - 41*l + 372. Calculate y(10).
862
Let j(m) = -m**3 - 30*m**2 - 12824*m - 484080. Give j(-37).
-9
Let n(d) = d**2 - 4316863*d - 21584341. What is n(-5)?
-1
Let q(x) = -11*x**2 - 1995*x + 2001. Calculate q(-182).
727
Let d(n) = n**3 - 272*n**2 + 2083*n + 231. Determine d(8).
-1
Let w(n) = -12*n**2 - 2077*n - 24970. Calculate w(-13).
3
Let r(m) = -22*m**2 + 4137*m - 20741. Calculate r(5).
-606
Let d(x) = 8*x**2 - 293*x - 6201. Give d(-15).
-6
Let c(a) = -1320*a - 31679. Calculate c(-24).
1
Let n(s) = 4*s**3 + 1386*s**2 - 708*s - 4823. Calculate n(-347).
35
Let m(y) = -1299*y**2 - 6489*y + 85. Give m(-5).
55
Let r(k) = -26829*k - 53686. What is r(-2)?
-28
Let d(a) = -a**3 - 75*a**2 + 103*a + 2038. Determine d(-76).
-14
Let q(g) = 5458*g - 10728. Calculate q(2).
188
Let t(h) = -2338*h + 20492. Give t(9).
-550
Let f(l) = -3*l**3 - 51*l**2 + 279*l + 4695. What is f(-17)?
-48
Let u(l) = -3460*l + 404806. Give u(117).
-14
Let u(q) = -1272027*q - 3816074. Give u(-3).
7
Let m(d) = d**3 + 158*d**2 - 150*d - 3091. Determine m(-159).
-4522
Let a(f) = 392*f**2 - 2214*f - 7379. Calculate a(8).
-3
Let g(h) = 266*h**3 + 2*h**2 - 98*h + 97. Calculate g(1).
267
Let p(c) = c**3 - 103*c**2 - 186169*c + 15070. What is p(486)?
4
Let c(q) = -q**2 + 12296*q + 345066. Calculate c(-28).
-6
Let b(p) = -2*p**3 - 75*p**2 + 762*p - 923. Give b(-46).
-3
Let l(u) = -1681*u + 253827. Calculate l(151).
-4
Let u(g) = -5*g - 1180. Determine u(-73).
-815
Let l(b) = 2*b**2 - 199*b - 42642. Calculate l(204).
-6
Let q(l) = -337*l - 23161. Give q(-66).
-919
Let d(c) = 4835*c - 1353909. Calculate d(280).
-109
Let u(t) = -79839*t - 319369. What is u(-4)?
-13
Let f(l) = -2399*l**2 - 9573*l + 93. Calculate f(-4).
1
Let s(c) = -480*c + 2375. Determine s(16).
-5305
Let c(g) = -g**3 + 282*g**2 + 294*g + 2211. Calculate c(283).
5324
Let c(s) = 5920*s + 88. What is c(0)?
88
Let a(u) = 71095*u + 924240. Give a(-13).
5
Let x(f) = 2*f**2 - 554122*f - 6649753. Determine x(-12).
-1
Let u(m) = m**3 - 27*m**2 - 32395*m + 506. Calculate u(-167).
5
Let i(w) = w**2 - 11899*w + 308705. Calculate i(26).
7
Let h(y) = y**3 + 9*y**2 + 33*y - 28. Give h(0).
-28
Let d(m) = m**3 + 2*m**2 - 55*m + 162. Give d(3).
42
Let i(f) = -7*f**3 + 4*f**2 + 10399*f - 10401. What is i(1)?
-5
Let s(i) = 2*i**3 - 48*i**2 - 13*i + 578. Give s(22).
-1644
Let y(t) = 296679*t - 4153494. Give y(14).
12
Let s(z) = -11304*z + 90065. What is s(8)?
-367
Let n(w) = 2668*w**2 - 5268*w. What is n(2)?
136
Let s(i) = -i**3 + 33*i**2 - 104*i + 7004. Calculate s(37).
-2320
Let b(x) = x**2 - 41*x - 590. Determine b(56).
250
Let n(r) = r**3 + 74*r**2 + 58*r + 395. Give n(-73).
1490
Let p(m) = -235*m - 4480. Calculate p(-19).
-15
Let h(a) = -4*a**2 + 12689*a - 139083. Determine h(11).
12
Let p(q) = -14*q**3 - 770*q**2 - 12. What is p(-55)?
-12
Let c(t) = -188*t - 68235. Calculate c(-363).
9
Let w(t) = 9*t**2 - 76842*t - 76844. Give w(-1).
7
Let c(t) = -19079*t**2 + 171727*t - 79. Calculate c(9).
65
Let b(f) = 34*f**3 - 12*f**2 + 20*f + 104. Determine b(4).
2168
Let j(z) = z**2 + 819*z + 116302. Give j(-183).
-86
Let r(k) = -5*k**3 - 24*k**2 - 791*k + 1678. Determine r(2).
-40
Let h(k) = 10672*k - 89004. Calculate h(8).
-3628
Let t(n) = n**3 - 168*n**2 + 165*n - 263. Give t(167).
-597
Let r(g) = -16*g**2 - 247*g - 156. Determine r(-15).
-51
Let b(c) = 30219*c + 14082051. Give b(-466).
-3
Let w(u) = 12*u**2 - 1966*u - 10474. Give w(169).
4
Let l(c) = 134489*c + 806931. Calculate l(-6).
-3
Let g(d) = 11*d**2 + 218*d + 9. Calculate g(-20).
49
Let x(u) = 2*u**2 + 370*u + 75. Give x(-184).
-293
Let z(w) = 8*w**2 - 185*w + 13. Calculate z(0).
13
Let c(m) = -2*m**2 - 409*m + 12548. What is c(29)?
-995
Let r(q) = 500*q - 12210. Calculate r(26).
790
Let z(r) = -33523*r - 6838684. Give z(-204).
8
Let g(t) = 355*t - 43390. Give g(132).
3470
Let k(r) = -7*r**2 + 408*r + 10633. What is k(-20)?
-327
Let q(r) = 285*r + 24271. What is q(-85)?
46
Let p(x) = -1404*x + 24596. Determine p(18).
-676
Let s(y) = -2*y**2 + 165*y - 965. Calculate s(6).
-47
Let m(y) = y**3 + 63*y**2 + 284*y + 6093. Calculate m(-60).
-147
Let w(f) = f**3 + 752*f**2 - 16218*f - 316. What is w(21)?
-1
Let i(w) = 80*w**3 - 90*w**2 - 177*w - 1. Give i(-2).
-647
Let b(y) = -4966*y - 114081. What is b(-23)?
137
Let d(p) = -63*p**3 - 7*p**2 - 49*p + 234. Give d(3).
-1677
Let u(k) = -k**3 + 10*k**2 - 17724*k + 123934. What is u(7)?
13
Let m(q) = -q**3 + 34*q**2 - 235*q + 56. Determine m(25).
-194
Let g(w) = -w**2 - 7798*w + 384497. Give g(49).
-6
Let a(u) = -u**2 + 125*u - 2335. What is a(20)?
-235
Let m(t) = -1053*t + 8477. Give m(8).
53
Let n(i) = -99*i + 10310. What is n(73)?
3083
Let z(q) = -5*q**2 + 10740*q - 1207250. Give z(119).
5
Let h(l) = 28*l**2 - 344*l + 39. What is h(12)?
-57
Let h(v) = -9*v**2 + 74*v - 25. Give h(6).
95
Let o(l) = 7*l**2 - 282*l - 42840. Give o(101).
85
Let u(t) = t**3 - 16*t**2 - 115*t + 917. Calculate u(22).
1291
Let l(n) = -12*n**3 - 70*n**2 - 81*n + 350. Calculate l(-3).
287
Let s(b) = -6436*b**2 - 57830*b + 4. Determine s(-9).
-842
Let u(f) = -f**2 - 11091*f - 1109999. What is u(-101)?
-9
Let d(y) = y**3 + 75*y**2 + 305*y + 17015. What is d(-74)?
-79
Let s(x) = x**2 + 18*x - 5590. Calculate s(69).
413
Let y(h) = h**3 - 101*h**2 + 49*h + 3453. Give y(100).
-1647
Let y(p) = -43472*p - 956393. Determine y(-22).
-9
Let u(b) = -1098*b - 36235. Give u(-33).
-1
Let n(y) = -18*y**2 - 921*y - 197. What is n(-51)?
-44
Let z(t) = 153*t**2 - 295*t + 586. What is z(2)?
608
Let v(d) = -265*d + 11068. Give v(36).
1528
Let q(s) = 153*s**2 + 13636*s + 1686. Calculate q(-89).
-5
Let u(m) = 56*m**3 + 502*m**2 - 7651*m - 13. What is u(-17)?
4
Let g(n) = 6*n**3 - 2860*n**2 - 946*n - 3828. What is g(477)?
-12
Let p(s) = 9136*s - 493841. Determine p(54).
-497
Let q(i) = 2*i**3 - 226*i**2 - 22*i + 2566. Determine q(113).
80
Let c(g) = -2*g**2 + 1744*g + 22911. Determine c(-13).
-99
Let m(z) = -7*z**2 + 21*z + 371. What is m(9)?
-7
Let i(a) = -2109*a + 12661. Determine i(6).
7
Let k(y) = -1060*y - 2293. Give k(-5).
3007
Let q(i) = 4*i**2 - 83*i + 392. What is q(28)?
1204
Let x(h) = -117357*h - 821492. Give x(-7).
7
Let n(c) = -22*c**3 - 1137*c**2 - 14694*c - 103. What is n(-26)?
1
Let x(h) = -2*h**2 + 44*h - 1041. Give x(19).
-927
Let s(k) = 4*k**2 + 16*k - 1033. Give s(27).
2315
Let t(g) = 49*g + 5742. Calculate t(-94).
1136
Let d(y) = y**2 + 228*y - 5314. Determine d(23).
459
Let f(i) = -1299*i - 7976. Give f(-5).
-1481
Let s(z) = -z**3 - 280*z**2 - 14406*z + 2115. What is s(-212)?
-5
Let o(p) = 10*p**3 + 196*p**2 - 111*p - 590. Determine o(-20).
30
Let r(c) = 168*c**2 + 2610*c + 1358. What is r(-15)?
8
Let n(s) = 8132*s**3 - 48790*s**2 - 21*s + 96. Determine n(6).
42
Let k(f) = 2*f**2 - 2574*f - 594800. Calculate k(1487).
0
Let h(v) = -3*v**2 + 1379*v - 18710. Determine h(14).
8
Let y(r) = -1457*r + 59745. What is y(41)?
8
Let g(x) = 6796*x**2 - 54343*x - 51. Determine g(8).
149
Let l(c) = -4778*c - 110304. What is l(-23)?
-410
Let i(r) = 22558*r + 45178. What is i(-2)?
62
Let y(g) = -g**3